*2 + 3640*k + 47093. What is v(-13)?
-58
Let n(v) = -17*v**2 - 66*v - 64. Determine n(-3).
-19
Let j(a) = -a**2 - 151*a + 19417. What is j(83)?
-5
Let h(g) = g**2 + 511*g - 890221. Give h(722).
5
Let x(k) = 100*k**2 + 219*k - 1. Give x(-1).
-120
Let p(t) = -192*t - 4880. Calculate p(-23).
-464
Let o(x) = -2*x**2 - 253*x - 7316. What is o(-101)?
-2165
Let k(p) = -p**2 - 83*p - 1895. What is k(-40)?
-175
Let q(o) = -38632*o - 424982. Determine q(-11).
-30
Let t(m) = 2*m - 70. Determine t(25).
-20
Let u(n) = 10*n**2 + 61*n - 268. What is u(4)?
136
Let z(v) = 3182*v + 1034677. Give z(-325).
527
Let r(u) = 99216*u + 992200. Calculate r(-10).
40
Let v(i) = 1226721*i + 18400822. Determine v(-15).
7
Let v(o) = 249*o**2 + 7440*o - 905. Calculate v(-30).
-5
Let p(i) = 877*i**2 - 396*i - 396. Calculate p(-1).
877
Let a(b) = b**3 - 79*b**2 + 855*b + 204. Calculate a(66).
6
Let b(t) = 6988*t + 146750. Calculate b(-21).
2
Let q(u) = -154*u**3 - 55*u**2 - 133*u - 81. Determine q(-1).
151
Let a(h) = -316*h**2 - 206053*h - 13687. Give a(-652).
5
Let b(y) = 1268*y + 81153. Calculate b(-64).
1
Let f(p) = 17824*p**2 + 998142*p - 112. What is f(-56)?
0
Let m(n) = 34*n**2 + 343*n - 3270. Calculate m(6).
12
Let v(b) = 15*b**2 + 77*b - 481. Calculate v(4).
67
Let t(o) = o**3 + 366*o**2 - 51781*o - 2998. Determine t(-475).
-148
Let d(i) = -1119*i - 31126. Calculate d(-28).
206
Let o(t) = 98*t + 9423. Calculate o(-88).
799
Let y(s) = -46*s**2 - 15030*s + 60122. What is y(4)?
-734
Let a(q) = 83749*q - 1256375. Determine a(15).
-140
Let l(p) = p**3 + 80*p**2 - 3003*p - 590. Determine l(28).
-2
Let l(c) = 8*c**2 - 190*c - 1768. Give l(31).
30
Let b(y) = 4*y**3 + 154*y**2 + 81*y - 198. Calculate b(-38).
-388
Let f(d) = -466*d + 1348. Calculate f(3).
-50
Let n(b) = -7577*b - 647. Determine n(0).
-647
Let d(q) = -195*q**2 + 34*q + 70. What is d(-2)?
-778
Let c(j) = -448*j**2 - 56360*j - 56359. Determine c(-1).
-447
Let d(o) = o**2 + 2358*o - 473216. What is d(186)?
-32
Let i(f) = 422*f**2 - 7649*f + 921. Determine i(18).
-33
Let w(f) = -f**3 - 66*f**2 - 116*f + 52. What is w(-64)?
-716
Let u(h) = -2*h**3 + 5814*h**2 + 923515*h - 152. Determine u(-151).
-1
Let n(i) = -i**2 - 7807379*i + 23422146. What is n(3)?
0
Let g(f) = -f**3 + 18*f**2 + 546*f - 95. Calculate g(34).
-27
Let h(f) = 3938*f - 110806. Determine h(28).
-542
Let u(k) = k**3 + 25*k**2 - 214*k - 5712. What is u(-24)?
0
Let u(d) = -425*d - 25073. Calculate u(-59).
2
Let d(g) = -2*g**3 - 4*g**2 - 88*g - 577. What is d(-6)?
239
Let q(x) = x**3 + 13*x**2 + 1794*x + 25377. What is q(-14)?
65
Let q(v) = 58*v**2 - 1428*v + 712. Determine q(25).
1262
Let n(x) = -x**3 - 61*x**2 - 176*x + 1029. Give n(-57).
-1935
Let z(i) = 2*i**2 - 12232*i + 61100. What is z(5)?
-10
Let j(g) = -228*g + 2375. Determine j(10).
95
Let d(s) = 5622*s + 326109. Give d(-58).
33
Let n(p) = -568*p**3 + 72*p**2 + 152*p. Give n(-2).
4528
Let r(i) = 11*i**2 - 2174*i - 9995. Calculate r(202).
-299
Let o(t) = -t**3 - 49*t**2 + 737*t - 1344. Calculate o(-62).
2934
Let o(f) = 115*f - 1433. What is o(3)?
-1088
Let g(c) = -32495*c - 194999. Determine g(-6).
-29
Let n(j) = 33*j**2 + 750*j + 1508. Determine n(-2).
140
Let n(h) = 8591*h - 3032590. What is n(353)?
33
Let b(v) = 14*v**3 - 373*v**2 + 201*v + 862. What is b(26)?
4
Let j(a) = -32*a**3 - 200*a**2 - a + 21. Determine j(-6).
-261
Let u(n) = 4598*n - 1572512. Give u(342).
4
Let b(w) = -892*w - 63822. What is b(-70)?
-1382
Let u(r) = r**3 - 27*r**2 + 26*r + 36. Determine u(20).
-2244
Let w(d) = 10*d**2 - 202*d - 118. Determine w(23).
526
Let c(b) = 3*b**3 + 210*b**2 + 2384*b + 469. Determine c(-14).
21
Let f(d) = -9*d**3 - 10*d**2 - 33*d + 34. Calculate f(-3).
286
Let g(w) = w**3 + 66*w**2 - 491*w - 62576. Calculate g(-53).
-36
Let p(v) = -2587*v**2 - 126764*v - 42. What is p(-49)?
7
Let t(o) = -o**2 + 97*o + 9565. Calculate t(-54).
1411
Let j(d) = -d**2 + 1411*d - 61447. Give j(45).
23
Let g(a) = -a**2 - 3439*a + 199157. Give g(57).
-115
Let k(s) = -5701732*s - 57017313. Calculate k(-10).
7
Let g(q) = -8943*q + 1779678. Give g(199).
21
Let m(f) = 158*f**3 - 4*f**2 - 12*f - 16. Give m(-2).
-1272
Let u(d) = -3*d**3 - 157*d**2 + 421*d - 1055. Give u(-55).
-10
Let q(f) = -38*f**2 - 1999*f + 11928. Give q(-58).
38
Let r(z) = 1386*z - 101183. Calculate r(73).
-5
Let y(z) = -41*z + 1005. Give y(12).
513
Let c(m) = 53*m**2 - 2339*m + 11688. What is c(5)?
1318
Let u(s) = -44553*s - 1024710. What is u(-23)?
9
Let j(y) = y**2 - 145*y + 3557. Determine j(107).
-509
Let l(u) = -2*u**3 + 177*u**2 + 271*u - 138. What is l(90)?
-48
Let h(z) = 2*z**2 - 1891*z + 442345. Calculate h(521).
16
Let c(a) = a**2 - 14657*a - 87942. Give c(-6).
36
Let d(l) = -8*l**2 + 598*l - 618. Determine d(73).
404
Let a(l) = 12024*l - 96212. What is a(8)?
-20
Let y(m) = -3*m**3 - 3*m**2 - 2*m + 153. Calculate y(-7).
1049
Let g(t) = t**2 + 3612*t + 1840792. Calculate g(-614).
20
Let u(r) = r**3 - 409*r**2 - 368*r - 17169. What is u(410)?
51
Let l(x) = -220*x - 560. Give l(-9).
1420
Let n(w) = 15*w**3 - 1776*w**2 - 2883*w + 371. Determine n(120).
11
Let l(n) = 446*n - 89776. What is l(201)?
-130
Let s(h) = 779*h + 19640. What is s(-25)?
165
Let j(l) = 6*l**2 + 155*l + 1629. Give j(-14).
635
Let r(s) = s**3 - 8*s**2 - 32*s + 129. What is r(12)?
321
Let w(s) = -16850*s**2 + 724546*s + 175. Determine w(43).
3
Let g(p) = 2840*p - 2587242. Give g(911).
-2
Let h(g) = -g**3 - 9*g**2 + 14*g + 55. Give h(-10).
15
Let v(b) = -b**3 + 130*b**2 - 1912*b - 139. What is v(17)?
14
Let v(s) = 713*s**2 + 3. Determine v(1).
716
Let b(n) = 1112*n + 179164. What is b(-161)?
132
Let y(b) = -21*b**2 - 3109*b - 94856. What is y(-43)?
2
Let z(w) = w**3 + 78*w**2 - 1502*w + 4151. Calculate z(13).
4
Let t(o) = 9*o**2 - 1211*o - 430. Give t(135).
110
Let k(x) = 99*x + 21011. Give k(-206).
617
Let t(z) = 3*z**3 - 65*z**2 + 258*z - 256. What is t(2)?
24
Let j(l) = l**3 - 8*l**2 + 8895*l - 53329. Give j(6).
-31
Let z(q) = q**3 + 43*q**2 + 22*q + 63. What is z(-45)?
-4977
Let a(z) = -z**3 - 32*z**2 - 147*z + 1179. What is a(-24)?
99
Let q(x) = x**3 + 380*x**2 - 1246*x - 37243. Give q(-383).
-92
Let a(j) = -354*j - 700. Calculate a(-5).
1070
Let w(m) = -2*m**3 - 81*m**2 + 39377*m + 1809. Determine w(-162).
27
Let p(r) = -1179*r + 518842. Give p(440).
82
Let r(t) = t**2 + 5019*t + 697244. Give r(-143).
-24
Let m(r) = -r**3 + 589*r**2 + 3796*r + 4124. What is m(-5)?
-6
Let u(x) = -38680*x - 12. What is u(0)?
-12
Let b(k) = 4*k**2 - 1024*k + 3068. Determine b(253).
32
Let k(j) = -8*j**3 - 450*j**2 - 114*j - 115. Give k(-56).
-3
Let y(g) = -155*g + 18948. What is y(122)?
38
Let j(o) = -14*o**2 - 4870*o + 851. Determine j(-348).
155
Let a(c) = 1433*c - 200585. Give a(140).
35
Let n(r) = r**3 - 118*r**2 - 671*r + 37596. Give n(121).
328
Let j(w) = w**3 - 48*w**2 - 209*w - 182. What is j(-3)?
-14
Let z(a) = 1041*a - 11010. Give z(11).
441
Let s(g) = 52564*g + 5676914. Calculate s(-108).
2
Let p(d) = -d**3 + 18*d**2 - 32*d + 25. Calculate p(9).
466
Let b(u) = -2948*u - 41278. Calculate b(-14).
-6
Let f(h) = 129*h + 878. Calculate f(-8).
-154
Let c(j) = 2*j**2 + 96*j - 399. Give c(-52).
17
Let h(z) = z**2 - 426*z + 18600. Give h(50).
-200
Let g(m) = -92601*m - 2963283. Give g(-32).
-51
Let p(g) = 20*g**3 - 269*g**2 - 94*g + 8. Calculate p(14).
848
Let o(h) = 74*h + 2642. Determine o(-37).
-96
Let u(a) = -7*a**2 + 3355*a + 27297. Determine u(-8).
9
Let r(k) = k**3 + 23*k**2 - 670*k - 11867. Calculate r(-15).
-17
Let q(a) = -18318*a + 860944. Calculate q(47).
-2
Let h(k) = 1008*k + 75850. Calculate h(-75).
250
Let o(t) = t**3 + 16*t**2 - 1066*t - 3309. What is o(-3)?
6
Let g(m) = -m**3 - 14*m**2 + 1885*m - 80. Calculate g(-51).
22
Let p(j) = -j**2 - 185*j - 3281. Give p(-24).
583
Let c(j) = -4*j**2 + 236*j - 157. Give c(58).
75
Let d(j) = 2830*j + 96191. Give d(-34).
-29
Let y(n) = -n**3 + 26*n**2 - 152*n + 4853. What is y(27)?
20
Let o(p) = p**3 - 344*p**2 + 1369*p + 333638. Calculate o(337).
8
Let b(x) = -3*x**2 + 1010*x - 32231. What is b(301)?
-24
Let z(k) = -5*k - 720. What is z(-11)?
-665
Let s(j) = -93*j**3 - 11346*j**2 + j + 152. Give s(-122).
30
Let h(t) = -1221*t - 71982. Give h(-59).
57
Let z(a) = 94*a - 3966. Give z(42).
-18
Let f(x) = 2183*x + 271. Calculate f(0).
271